{"id":15,"date":"2023-10-10T16:25:21","date_gmt":"2023-10-10T14:25:21","guid":{"rendered":"http:\/\/ferkaluk.de\/?page_id=15"},"modified":"2023-10-17T09:06:41","modified_gmt":"2023-10-17T07:06:41","slug":"impressum","status":"publish","type":"page","link":"https:\/\/ferkaluk.de\/startseite\/impressum\/","title":{"rendered":"Impressum"},"content":{"rendered":"<p>[et_pb_section fb_built=&#8220;1&#8243; admin_label=&#8220;About Us&#8220; _builder_version=&#8220;4.16&#8243; custom_padding=&#8220;0|0px|5px|0px|false|false&#8220; global_colors_info=&#8220;{}&#8220;][et_pb_row column_structure=&#8220;1_2,1_2&#8243; _builder_version=&#8220;4.16&#8243; custom_padding=&#8220;27px|0px|0|0px|false|false&#8220; global_colors_info=&#8220;{}&#8220;][et_pb_column type=&#8220;1_2&#8243; _builder_version=&#8220;4.16&#8243; custom_padding=&#8220;|||&#8220; global_colors_info=&#8220;{}&#8220; custom_padding__hover=&#8220;|||&#8220;][et_pb_text _builder_version=&#8220;4.16&#8243; text_font=&#8220;Montserrat|300|||||||&#8220; text_font_size=&#8220;16px&#8220; text_line_height=&#8220;2em&#8220; header_font=&#8220;||||||||&#8220; header_font_size=&#8220;40px&#8220; header_line_height=&#8220;1.4em&#8220; max_width=&#8220;600px&#8220; custom_margin=&#8220;||30px|&#8220; custom_margin_last_edited=&#8220;off|desktop&#8220; header_font_size_tablet=&#8220;30px&#8220; header_font_size_phone=&#8220;24px&#8220; header_font_size_last_edited=&#8220;on|desktop&#8220; global_colors_info=&#8220;{}&#8220;]<\/p>\n<h1>Impressum<\/h1>\n<p>[\/et_pb_text][\/et_pb_column][et_pb_column type=&#8220;1_2&#8243; _builder_version=&#8220;4.16&#8243; custom_padding=&#8220;|||&#8220; global_colors_info=&#8220;{}&#8220; custom_padding__hover=&#8220;|||&#8220;][\/et_pb_column][\/et_pb_row][\/et_pb_section][et_pb_section fb_built=&#8220;1&#8243; admin_label=&#8220;Stats and Features&#8220; _builder_version=&#8220;4.16&#8243; background_color=&#8220;#f7f8fc&#8220; custom_padding=&#8220;0|0px|54px|0px|false|false&#8220; global_colors_info=&#8220;{}&#8220;][et_pb_row _builder_version=&#8220;4.16&#8243; global_colors_info=&#8220;{}&#8220;][et_pb_column type=&#8220;4_4&#8243; _builder_version=&#8220;4.16&#8243; custom_padding=&#8220;|||&#8220; global_colors_info=&#8220;{}&#8220; custom_padding__hover=&#8220;|||&#8220;][et_pb_text _builder_version=&#8220;4.16&#8243; global_colors_info=&#8220;{}&#8220;]<\/p>\n<h2>Angaben gem\u00e4\u00df \u00a7 5 TMG<\/h2>\n<p>VMF Versicherungsmakler Ferkaluk<br \/>Erwin Ferkaluk<br \/>Max-Eyth-Str. 8<br \/>75443 \u00d6tisheim<\/p>\n<h2>Kontakt<\/h2>\n<p>Telefon: +49 (0) 7041 44658<br \/>Telefax: +49 (0) 7041 44686<br \/>E-Mail: info@ferkaluk.de<\/p>\n<h2>Umsatzsteuer-ID<\/h2>\n<p>Umsatzsteuer-Identifikationsnummer gem\u00e4\u00df \u00a7 27 a Umsatzsteuergesetz:<br \/>DE167734655<\/p>\n<h2>Gewerbeanmeldung<\/h2>\n<p>Die Gewerbeanmeldung nach \u00a7 34c GewO wurde am 11.11.2002 durch die Gemeinde \u00d6tisheim erteilt.<\/p>\n<h2>Aufsichtsbeh\u00f6rde<\/h2>\n<p>Hier kann die Eintragung im Vermittlerregister \u00fcberpr\u00fcft werden:<br \/>Deutscher Industrie- und Handelskammertag (DIHK) e.V.<br \/>Breite Str. 29<br \/>10178 Berlin<br \/><a href=\"http:\/\/\" target=\"_blank\" rel=\"noopener noreferrer\">http:\/\/www.vermittlerregister.info<\/a><\/p>\n<h2>Berufsbezeichnung und berufsrechtliche Regelungen<\/h2>\n<p>Berufsbezeichnung:<br \/>Versicherungsmakler<\/p>\n<p>Zust\u00e4ndige Kammer:<br \/>IHK Nordschwarzwald D-RLWY-MBH4I-21<br \/>Dr.-Brandenburg-Str. 6 <br \/>75173 Pforzheim<br \/>Deutschland<\/p>\n<h2>Angaben zur Berufs\u00adhaftpflicht\u00adversicherung<\/h2>\n<p><strong>Name und Sitz des Versicherers:<\/strong><br \/>R+V Allgemeine Versicherung AG<br \/>Niedersachsenring 13<br \/>30163 Hannover<\/p>\n<p><strong>Geltungsraum der Versicherung:<\/strong><br \/>Deutschland<\/p>\n<h2>Redaktionell verantwortlich<\/h2>\n<p>Erwin Ferkaluk<br \/>Max-Eyth-Str. 8<br \/>75443 \u00d6tisheim<\/p>\n<h2>EU-Streitschlichtung<\/h2>\n<p>Die Europ\u00e4ische Kommission stellt eine Plattform zur Online-Streitbeilegung (OS) bereit: <a href=\"https:\/\/ec.europa.eu\/consumers\/odr\/\" target=\"_blank\" rel=\"noopener noreferrer\">https:\/\/ec.europa.eu\/consumers\/odr\/<\/a>.<br \/>Unsere E-Mail-Adresse finden Sie oben im Impressum.<\/p>\n<h2>Schlichtungs\u00adstellen gem\u00e4\u00df \u00a7 11 Abs. 1 Nr. 7<\/h2>\n<p>Versicherungsombudsmann e.V. Postfach 08 06 32, 10006 Berlin<br \/>Ombudsmann Private Kranken- u. Pflegeversicherung Postfach 06 02 22, 10052 Berlin<\/p>\n<p>&nbsp;<\/p>\n<p>[\/et_pb_text][\/et_pb_column][\/et_pb_row][\/et_pb_section]<\/p>\n","protected":false},"excerpt":{"rendered":"<p>ImpressumAngaben gem\u00e4\u00df \u00a7 5 TMG VMF Versicherungsmakler FerkalukErwin FerkalukMax-Eyth-Str. 875443 \u00d6tisheim Kontakt Telefon: +49 (0) 7041 44658Telefax: +49 (0) 7041 44686E-Mail: info@ferkaluk.de Umsatzsteuer-ID Umsatzsteuer-Identifikationsnummer gem\u00e4\u00df \u00a7 27 a Umsatzsteuergesetz:DE167734655 Gewerbeanmeldung Die Gewerbeanmeldung nach \u00a7 34c GewO wurde am 11.11.2002 durch die Gemeinde \u00d6tisheim erteilt. Aufsichtsbeh\u00f6rde Hier kann die Eintragung im Vermittlerregister \u00fcberpr\u00fcft werden:Deutscher Industrie- und [&hellip;]<\/p>\n","protected":false},"author":1,"featured_media":0,"parent":0,"menu_order":0,"comment_status":"closed","ping_status":"closed","template":"","meta":{"_et_pb_use_builder":"on","_et_pb_old_content":"","_et_gb_content_width":"","footnotes":""},"class_list":["post-15","page","type-page","status-publish","hentry"],"_links":{"self":[{"href":"https:\/\/ferkaluk.de\/startseite\/wp-json\/wp\/v2\/pages\/15","targetHints":{"allow":["GET"]}}],"collection":[{"href":"https:\/\/ferkaluk.de\/startseite\/wp-json\/wp\/v2\/pages"}],"about":[{"href":"https:\/\/ferkaluk.de\/startseite\/wp-json\/wp\/v2\/types\/page"}],"author":[{"embeddable":true,"href":"https:\/\/ferkaluk.de\/startseite\/wp-json\/wp\/v2\/users\/1"}],"replies":[{"embeddable":true,"href":"https:\/\/ferkaluk.de\/startseite\/wp-json\/wp\/v2\/comments?post=15"}],"version-history":[{"count":6,"href":"https:\/\/ferkaluk.de\/startseite\/wp-json\/wp\/v2\/pages\/15\/revisions"}],"predecessor-version":[{"id":35,"href":"https:\/\/ferkaluk.de\/startseite\/wp-json\/wp\/v2\/pages\/15\/revisions\/35"}],"wp:attachment":[{"href":"https:\/\/ferkaluk.de\/startseite\/wp-json\/wp\/v2\/media?parent=15"}],"curies":[{"name":"wp","href":"https:\/\/api.w.org\/{rel}","templated":true}]}}